{"id":1959,"date":"2023-01-03T17:15:33","date_gmt":"2023-01-03T17:15:33","guid":{"rendered":"http:\/\/www.schwulejugend.de\/sjk\/?page_id=1959"},"modified":"2026-04-28T15:18:48","modified_gmt":"2026-04-28T15:18:48","slug":"hallo-bei-der-sjk","status":"publish","type":"page","link":"https:\/\/www.schwulejugend.de\/sjk\/","title":{"rendered":"Hallo bei der SJK!"},"content":{"rendered":"\n<h4 class=\"wp-block-heading\"><img loading=\"lazy\" decoding=\"async\" class=\"alignnone  wp-image-2145\" src=\"http:\/\/www.schwulejugend.de\/sjk\/wp-content\/uploads\/2025\/02\/sjk-flyer-entwurf-2025-1024x726.jpg\" alt=\"\" width=\"546\" height=\"387\" srcset=\"https:\/\/www.schwulejugend.de\/sjk\/wp-content\/uploads\/2025\/02\/sjk-flyer-entwurf-2025-1024x726.jpg 1024w, https:\/\/www.schwulejugend.de\/sjk\/wp-content\/uploads\/2025\/02\/sjk-flyer-entwurf-2025-300x213.jpg 300w, https:\/\/www.schwulejugend.de\/sjk\/wp-content\/uploads\/2025\/02\/sjk-flyer-entwurf-2025-768x545.jpg 768w, https:\/\/www.schwulejugend.de\/sjk\/wp-content\/uploads\/2025\/02\/sjk-flyer-entwurf-2025-1536x1090.jpg 1536w, https:\/\/www.schwulejugend.de\/sjk\/wp-content\/uploads\/2025\/02\/sjk-flyer-entwurf-2025.jpg 1600w\" sizes=\"(max-width: 546px) 100vw, 546px\" \/><\/h4>\n\n\n\n<h4 class=\"wp-block-heading\">F\u00fcr alle Jugendlichen und junge Erwachsene bis ca. 28:<br>Jeden Freitag ab 19:30 Uhr offener Treff in der Rizzastra\u00dfe 14 in Koblenz!<\/h4>\n\n\n\n<p><strong>Freitag, den 01.05. ist regul\u00e4r ge\u00f6ffnet!<\/strong><\/p>\n\n\n\n<p>Nicht vergessen, am 14.5. ist auch unsere gro\u00dfe Geburtstagsfeier. Weitere Infos unter <a href=\"https:\/\/www.schwulejugend.de\/sjk\/?p=2339\">https:\/\/www.schwulejugend.de\/sjk\/?p=2339<\/a><\/p>\n\n\n\n<figure class=\"wp-block-image size-large\"><a href=\"http:\/\/www.schwulejugend.de\/sjk\/wp-content\/uploads\/2026\/04\/1000136261.jpg\"><img loading=\"lazy\" decoding=\"async\" width=\"683\" height=\"1024\" src=\"http:\/\/www.schwulejugend.de\/sjk\/wp-content\/uploads\/2026\/04\/1000136261-683x1024.jpg\" alt=\"\" class=\"wp-image-2340\" srcset=\"https:\/\/www.schwulejugend.de\/sjk\/wp-content\/uploads\/2026\/04\/1000136261-683x1024.jpg 683w, https:\/\/www.schwulejugend.de\/sjk\/wp-content\/uploads\/2026\/04\/1000136261-200x300.jpg 200w, https:\/\/www.schwulejugend.de\/sjk\/wp-content\/uploads\/2026\/04\/1000136261-768x1152.jpg 768w, https:\/\/www.schwulejugend.de\/sjk\/wp-content\/uploads\/2026\/04\/1000136261.jpg 1024w\" sizes=\"(max-width: 683px) 100vw, 683px\" \/><\/a><\/figure>\n\n\n\n<hr class=\"wp-block-separator has-alpha-channel-opacity\"\/>\n\n\n\n<p><strong>\u00dcber uns:<\/strong><\/p>\n\n\n\n<p>Schwul? Gay? Bi? Lesbisch? Trans? Queer?&#8230; Egal welche sexuelle Orientierung, Geschlecht, Religion, Herkunft &#8211; bei uns ist jeder gerne gesehen. Seit Jahrzehnten sind wir DER Koblenzer Treffpunkt f\u00fcr junge Menschen und deren Freunde bis ca. 28 Jahre.<\/p>\n\n\n\n<p>Das Herzst\u00fcck der SJK ist der w\u00f6chentliche Freitagstreff. Dabei handelt es sich um einen offenen Jugendtreff f\u00fcr alle LSBTI+* Jugendlichen und junge Erwachsene von ca. 16 &#8211; 28 Jahren. Dieser findet (fast) jeden Freitag ab 19:30 Uhr im Kontaktladen in der Rizzastra\u00dfe 14 (Koblenz Innenstadt) statt.<br>Gemeinsam quatschen, essen gehen, kochen, Spiele spielen und Zeit verbringen. Kommt einfach vorbei!<\/p>\n\n\n\n<p>Weitere Infos zum Freitagstreff:&nbsp;<a href=\"http:\/\/www.schwulejugend.de\/sjk\/?page_id=435\">hier entlang&#8230;<\/a><\/p>\n\n\n\n<hr class=\"wp-block-separator has-alpha-channel-opacity\"\/>\n\n\n\n<p>Auch in der sonstigen Freizeit unternehmen wir gelegentlich was miteinander. Au\u00dferhalb des Freitagstreffs bietet die SJK in unregelm\u00e4\u00dfigen Abst\u00e4nden weitere Freizeitaktivit\u00e4ten, z.B. queere K\u00f6lnfahrten oder Kinobesuche an. Diese werden bei &#8222;Aktuelles&#8220; ver\u00f6ffentlicht.<\/p>\n\n\n\n<p>Des Weiteren ist der Verein aktiv an verschiedenen Aktionen rund um schwul\/lesbische Aufkl\u00e4rung und Hilfe f\u00fcr junge Schwule, Lesben und Bisexuelle beteiligt.<\/p>\n\n\n\n<p><span class=\"text_exposed_show\">Wir sind&nbsp;anerkannter Tr\u00e4ger der Jugendhilfe.<\/span><\/p>\n\n\n\n<p>Auf den folgenden Seiten findest du unsere einzelnen Angebote:<\/p>\n\n\n\n<ul>\n<li><a href=\"http:\/\/www.schwulejugend.de\/sjk\/?page_id=435\">Der Freitagstreff, unser Jugendtreff<\/a><\/li>\n\n\n\n<li><a href=\"http:\/\/www.schwulejugend.de\/sjk\/?page_id=465\">Besondere Veranstaltungen und Events<\/a><\/li>\n<\/ul>\n\n\n\n<figure class=\"wp-block-image size-large is-resized\"><img loading=\"lazy\" decoding=\"async\" width=\"1024\" height=\"771\" src=\"http:\/\/www.schwulejugend.de\/sjk\/wp-content\/uploads\/2025\/08\/PXL_20250808_190034250-1024x771.jpg\" alt=\"\" class=\"wp-image-2282\" style=\"width:580px;height:auto\" srcset=\"https:\/\/www.schwulejugend.de\/sjk\/wp-content\/uploads\/2025\/08\/PXL_20250808_190034250-1024x771.jpg 1024w, https:\/\/www.schwulejugend.de\/sjk\/wp-content\/uploads\/2025\/08\/PXL_20250808_190034250-300x226.jpg 300w, https:\/\/www.schwulejugend.de\/sjk\/wp-content\/uploads\/2025\/08\/PXL_20250808_190034250-768x578.jpg 768w, https:\/\/www.schwulejugend.de\/sjk\/wp-content\/uploads\/2025\/08\/PXL_20250808_190034250-1536x1157.jpg 1536w, https:\/\/www.schwulejugend.de\/sjk\/wp-content\/uploads\/2025\/08\/PXL_20250808_190034250-2048x1542.jpg 2048w\" sizes=\"(max-width: 1024px) 100vw, 1024px\" \/><\/figure>\n\n\n\n<figure class=\"wp-block-image size-large is-resized\"><img loading=\"lazy\" decoding=\"async\" width=\"1024\" height=\"683\" src=\"http:\/\/www.schwulejugend.de\/sjk\/wp-content\/uploads\/2023\/01\/2023_0518_18320300-1024x683.jpg\" alt=\"\" class=\"wp-image-2046\" style=\"width:580px;height:auto\" srcset=\"https:\/\/www.schwulejugend.de\/sjk\/wp-content\/uploads\/2023\/01\/2023_0518_18320300-1024x683.jpg 1024w, https:\/\/www.schwulejugend.de\/sjk\/wp-content\/uploads\/2023\/01\/2023_0518_18320300-300x200.jpg 300w, https:\/\/www.schwulejugend.de\/sjk\/wp-content\/uploads\/2023\/01\/2023_0518_18320300-768x512.jpg 768w\" sizes=\"(max-width: 1024px) 100vw, 1024px\" \/><\/figure>\n\n\n\n<figure class=\"wp-block-image size-large is-resized\"><img loading=\"lazy\" decoding=\"async\" width=\"1024\" height=\"681\" src=\"http:\/\/www.schwulejugend.de\/sjk\/wp-content\/uploads\/2016\/04\/DSC00531_1-1024x681.jpg\" alt=\"\" class=\"wp-image-501\" style=\"width:578px;height:auto\" srcset=\"https:\/\/www.schwulejugend.de\/sjk\/wp-content\/uploads\/2016\/04\/DSC00531_1.jpg 1024w, https:\/\/www.schwulejugend.de\/sjk\/wp-content\/uploads\/2016\/04\/DSC00531_1-300x200.jpg 300w, https:\/\/www.schwulejugend.de\/sjk\/wp-content\/uploads\/2016\/04\/DSC00531_1-768x511.jpg 768w\" sizes=\"(max-width: 1024px) 100vw, 1024px\" \/><\/figure>\n\n\n\n<h4 class=\"wp-block-heading\">Hinweis zur Domain sjk-online.de: Wenn ihr die Website \u00fcber diese Domain aufruft werden Bilder teilweise nicht angezeigt. Wir arbeiten dran. Schwulejugend.de funktioniert aber. \ud83d\ude09<\/h4>\n\n\n\n<hr class=\"wp-block-separator has-alpha-channel-opacity\"\/>\n\n\n\n<p class=\"has-text-color has-link-color wp-elements-5cdf4b321dd2a06094515f79afa3af5b\" style=\"color:#929292\"><span style=\"color: #dedede;\">*<\/span><br>LSBTI+*: (auch LGBT und LSBTTIQ) ist eine aus dem englischen Sprachraum kommende Abk\u00fcrzung f\u00fcr Lesbian, Gay, Bisexual und Transgender, also Lesben, Schwule, Bisexuelle und Transgender. Die in Deutschland manchmal verwendete Abk\u00fcrzung LSBTTIQ steht f\u00fcr lesbische, schwule, bisexuelle, transgender, intersexuelle und queere Menschen. Es handelt sich dabei um eine Gemeinschaft mit unterschiedlicher Thematik, deren Gemeinsamkeit es ist, nicht der Heteronormativit\u00e4t zu entsprechen. Es geht um die sexuelle Orientierung gegen\u00fcber dem Partnergeschlecht, um die eigene Geschlechtsidentit\u00e4t und um k\u00f6rperliche Geschlechtsvariationen.<br>(Quelle: Wikipedia)<\/p>\n\n\n\n<p>Wir werden vom Land Rheinland-Pfalz gef\u00f6rdert:<\/p>\n\n\n\n<figure class=\"wp-block-image\"><a href=\"http:\/\/www.schwulejugend.de\/sjk\/wp-content\/uploads\/2017\/11\/2017-Logo_Foerderhinweis_schmal_RGB-1.jpg\"><img loading=\"lazy\" decoding=\"async\" width=\"300\" height=\"109\" src=\"http:\/\/www.schwulejugend.de\/sjk\/wp-content\/uploads\/2017\/11\/2017-Logo_Foerderhinweis_schmal_RGB-1-300x109.jpg\" alt=\"\" class=\"wp-image-1148\" srcset=\"https:\/\/www.schwulejugend.de\/sjk\/wp-content\/uploads\/2017\/11\/2017-Logo_Foerderhinweis_schmal_RGB-1-300x109.jpg 300w, https:\/\/www.schwulejugend.de\/sjk\/wp-content\/uploads\/2017\/11\/2017-Logo_Foerderhinweis_schmal_RGB-1.jpg 706w\" sizes=\"(max-width: 300px) 100vw, 300px\" \/><\/a><\/figure>\n","protected":false},"excerpt":{"rendered":"<p>F\u00fcr alle Jugendlichen und junge Erwachsene bis ca. 28:Jeden Freitag ab 19:30 Uhr offener Treff in der Rizzastra\u00dfe 14 in Koblenz! Freitag, den 01.05. ist regul\u00e4r ge\u00f6ffnet! Nicht vergessen, am 14.5. ist auch unsere gro\u00dfe Geburtstagsfeier. Weitere Infos unter https:\/\/www.schwulejugend.de\/sjk\/?p=2339<\/p>\n","protected":false},"author":1,"featured_media":0,"parent":0,"menu_order":0,"comment_status":"closed","ping_status":"closed","template":"","meta":{"footnotes":""},"_links":{"self":[{"href":"https:\/\/www.schwulejugend.de\/sjk\/index.php?rest_route=\/wp\/v2\/pages\/1959"}],"collection":[{"href":"https:\/\/www.schwulejugend.de\/sjk\/index.php?rest_route=\/wp\/v2\/pages"}],"about":[{"href":"https:\/\/www.schwulejugend.de\/sjk\/index.php?rest_route=\/wp\/v2\/types\/page"}],"author":[{"embeddable":true,"href":"https:\/\/www.schwulejugend.de\/sjk\/index.php?rest_route=\/wp\/v2\/users\/1"}],"replies":[{"embeddable":true,"href":"https:\/\/www.schwulejugend.de\/sjk\/index.php?rest_route=%2Fwp%2Fv2%2Fcomments&post=1959"}],"version-history":[{"count":65,"href":"https:\/\/www.schwulejugend.de\/sjk\/index.php?rest_route=\/wp\/v2\/pages\/1959\/revisions"}],"predecessor-version":[{"id":2343,"href":"https:\/\/www.schwulejugend.de\/sjk\/index.php?rest_route=\/wp\/v2\/pages\/1959\/revisions\/2343"}],"wp:attachment":[{"href":"https:\/\/www.schwulejugend.de\/sjk\/index.php?rest_route=%2Fwp%2Fv2%2Fmedia&parent=1959"}],"curies":[{"name":"wp","href":"https:\/\/api.w.org\/{rel}","templated":true}]}}

<h4 class="wp-block-heading"><img loading="lazy" decoding="async" class="alignnone  wp-image-2145" src="http://www.schwulejugend.de/sjk/wp-content/uploads/2025/02/sjk-flyer-entwurf-2025-1024x726.jpg" alt="" width="546" height="387" srcset="https://www.schwulejugend.de/sjk/wp-content/uploads/2025/02/sjk-flyer-entwurf-2025-1024x726.jpg 1024w, https://www.schwulejugend.de/sjk/wp-content/uploads/2025/02/sjk-flyer-entwurf-2025-300x213.jpg 300w, https://www.schwulejugend.de/sjk/wp-content/uploads/2025/02/sjk-flyer-entwurf-2025-768x545.jpg 768w, https://www.schwulejugend.de/sjk/wp-content/uploads/2025/02/sjk-flyer-entwurf-2025-1536x1090.jpg 1536w, https://www.schwulejugend.de/sjk/wp-content/uploads/2025/02/sjk-flyer-entwurf-2025.jpg 1600w" sizes="(max-width: 546px) 100vw, 546px" /></h4>



<h4 class="wp-block-heading">Für alle Jugendlichen und junge Erwachsene bis ca. 28:<br>Jeden Freitag ab 19:30 Uhr offener Treff in der Rizzastraße 14 in Koblenz!</h4>



<p><strong>Freitag, den 01.05. ist regulär geöffnet!</strong></p>



<p>Nicht vergessen, am 14.5. ist auch unsere große Geburtstagsfeier. Weitere Infos unter <a href="https://www.schwulejugend.de/sjk/?p=2339">https://www.schwulejugend.de/sjk/?p=2339</a></p>



<figure class="wp-block-image size-large"><a href="http://www.schwulejugend.de/sjk/wp-content/uploads/2026/04/1000136261.jpg"><img loading="lazy" decoding="async" width="683" height="1024" src="http://www.schwulejugend.de/sjk/wp-content/uploads/2026/04/1000136261-683x1024.jpg" alt="" class="wp-image-2340" srcset="https://www.schwulejugend.de/sjk/wp-content/uploads/2026/04/1000136261-683x1024.jpg 683w, https://www.schwulejugend.de/sjk/wp-content/uploads/2026/04/1000136261-200x300.jpg 200w, https://www.schwulejugend.de/sjk/wp-content/uploads/2026/04/1000136261-768x1152.jpg 768w, https://www.schwulejugend.de/sjk/wp-content/uploads/2026/04/1000136261.jpg 1024w" sizes="(max-width: 683px) 100vw, 683px" /></a></figure>



<hr class="wp-block-separator has-alpha-channel-opacity"/>



<p><strong>Über uns:</strong></p>



<p>Schwul? Gay? Bi? Lesbisch? Trans? Queer?&#8230; Egal welche sexuelle Orientierung, Geschlecht, Religion, Herkunft &#8211; bei uns ist jeder gerne gesehen. Seit Jahrzehnten sind wir DER Koblenzer Treffpunkt für junge Menschen und deren Freunde bis ca. 28 Jahre.</p>



<p>Das Herzstück der SJK ist der wöchentliche Freitagstreff. Dabei handelt es sich um einen offenen Jugendtreff für alle LSBTI+* Jugendlichen und junge Erwachsene von ca. 16 &#8211; 28 Jahren. Dieser findet (fast) jeden Freitag ab 19:30 Uhr im Kontaktladen in der Rizzastraße 14 (Koblenz Innenstadt) statt.<br>Gemeinsam quatschen, essen gehen, kochen, Spiele spielen und Zeit verbringen. Kommt einfach vorbei!</p>



<p>Weitere Infos zum Freitagstreff:&nbsp;<a href="http://www.schwulejugend.de/sjk/?page_id=435">hier entlang&#8230;</a></p>



<hr class="wp-block-separator has-alpha-channel-opacity"/>



<p>Auch in der sonstigen Freizeit unternehmen wir gelegentlich was miteinander. Außerhalb des Freitagstreffs bietet die SJK in unregelmäßigen Abständen weitere Freizeitaktivitäten, z.B. queere Kölnfahrten oder Kinobesuche an. Diese werden bei &#8222;Aktuelles&#8220; veröffentlicht.</p>



<p>Des Weiteren ist der Verein aktiv an verschiedenen Aktionen rund um schwul/lesbische Aufklärung und Hilfe für junge Schwule, Lesben und Bisexuelle beteiligt.</p>



<p><span class="text_exposed_show">Wir sind&nbsp;anerkannter Träger der Jugendhilfe.</span></p>



<p>Auf den folgenden Seiten findest du unsere einzelnen Angebote:</p>



<ul>
<li><a href="http://www.schwulejugend.de/sjk/?page_id=435">Der Freitagstreff, unser Jugendtreff</a></li>



<li><a href="http://www.schwulejugend.de/sjk/?page_id=465">Besondere Veranstaltungen und Events</a></li>
</ul>



<figure class="wp-block-image size-large is-resized"><img loading="lazy" decoding="async" width="1024" height="771" src="http://www.schwulejugend.de/sjk/wp-content/uploads/2025/08/PXL_20250808_190034250-1024x771.jpg" alt="" class="wp-image-2282" style="width:580px;height:auto" srcset="https://www.schwulejugend.de/sjk/wp-content/uploads/2025/08/PXL_20250808_190034250-1024x771.jpg 1024w, https://www.schwulejugend.de/sjk/wp-content/uploads/2025/08/PXL_20250808_190034250-300x226.jpg 300w, https://www.schwulejugend.de/sjk/wp-content/uploads/2025/08/PXL_20250808_190034250-768x578.jpg 768w, https://www.schwulejugend.de/sjk/wp-content/uploads/2025/08/PXL_20250808_190034250-1536x1157.jpg 1536w, https://www.schwulejugend.de/sjk/wp-content/uploads/2025/08/PXL_20250808_190034250-2048x1542.jpg 2048w" sizes="(max-width: 1024px) 100vw, 1024px" /></figure>



<figure class="wp-block-image size-large is-resized"><img loading="lazy" decoding="async" width="1024" height="683" src="http://www.schwulejugend.de/sjk/wp-content/uploads/2023/01/2023_0518_18320300-1024x683.jpg" alt="" class="wp-image-2046" style="width:580px;height:auto" srcset="https://www.schwulejugend.de/sjk/wp-content/uploads/2023/01/2023_0518_18320300-1024x683.jpg 1024w, https://www.schwulejugend.de/sjk/wp-content/uploads/2023/01/2023_0518_18320300-300x200.jpg 300w, https://www.schwulejugend.de/sjk/wp-content/uploads/2023/01/2023_0518_18320300-768x512.jpg 768w" sizes="(max-width: 1024px) 100vw, 1024px" /></figure>



<figure class="wp-block-image size-large is-resized"><img loading="lazy" decoding="async" width="1024" height="681" src="http://www.schwulejugend.de/sjk/wp-content/uploads/2016/04/DSC00531_1-1024x681.jpg" alt="" class="wp-image-501" style="width:578px;height:auto" srcset="https://www.schwulejugend.de/sjk/wp-content/uploads/2016/04/DSC00531_1.jpg 1024w, https://www.schwulejugend.de/sjk/wp-content/uploads/2016/04/DSC00531_1-300x200.jpg 300w, https://www.schwulejugend.de/sjk/wp-content/uploads/2016/04/DSC00531_1-768x511.jpg 768w" sizes="(max-width: 1024px) 100vw, 1024px" /></figure>



<h4 class="wp-block-heading">Hinweis zur Domain sjk-online.de: Wenn ihr die Website über diese Domain aufruft werden Bilder teilweise nicht angezeigt. Wir arbeiten dran. Schwulejugend.de funktioniert aber. 😉</h4>



<hr class="wp-block-separator has-alpha-channel-opacity"/>



<p class="has-text-color has-link-color wp-elements-5cdf4b321dd2a06094515f79afa3af5b" style="color:#929292"><span style="color: #dedede;">*</span><br>LSBTI+*: (auch LGBT und LSBTTIQ) ist eine aus dem englischen Sprachraum kommende Abkürzung für Lesbian, Gay, Bisexual und Transgender, also Lesben, Schwule, Bisexuelle und Transgender. Die in Deutschland manchmal verwendete Abkürzung LSBTTIQ steht für lesbische, schwule, bisexuelle, transgender, intersexuelle und queere Menschen. Es handelt sich dabei um eine Gemeinschaft mit unterschiedlicher Thematik, deren Gemeinsamkeit es ist, nicht der Heteronormativität zu entsprechen. Es geht um die sexuelle Orientierung gegenüber dem Partnergeschlecht, um die eigene Geschlechtsidentität und um körperliche Geschlechtsvariationen.<br>(Quelle: Wikipedia)</p>



<p>Wir werden vom Land Rheinland-Pfalz gefördert:</p>



<figure class="wp-block-image"><a href="http://www.schwulejugend.de/sjk/wp-content/uploads/2017/11/2017-Logo_Foerderhinweis_schmal_RGB-1.jpg"><img loading="lazy" decoding="async" width="300" height="109" src="http://www.schwulejugend.de/sjk/wp-content/uploads/2017/11/2017-Logo_Foerderhinweis_schmal_RGB-1-300x109.jpg" alt="" class="wp-image-1148" srcset="https://www.schwulejugend.de/sjk/wp-content/uploads/2017/11/2017-Logo_Foerderhinweis_schmal_RGB-1-300x109.jpg 300w, https://www.schwulejugend.de/sjk/wp-content/uploads/2017/11/2017-Logo_Foerderhinweis_schmal_RGB-1.jpg 706w" sizes="(max-width: 300px) 100vw, 300px" /></a></figure>

<p>Für alle Jugendlichen und junge Erwachsene bis ca. 28:Jeden Freitag ab 19:30 Uhr offener Treff in der Rizzastraße 14 in Koblenz! Freitag, den 01.05. ist regulär geöffnet! Nicht vergessen, am 14.5. ist auch unsere große Geburtstagsfeier. Weitere Infos unter https://www.schwulejugend.de/sjk/?p=2339</p>
